{"id":8,"date":"2026-01-13T13:56:02","date_gmt":"2026-01-13T13:56:02","guid":{"rendered":"https:\/\/sympatycyadminakademii.pl\/?page_id=8"},"modified":"2026-01-13T13:56:02","modified_gmt":"2026-01-13T13:56:02","slug":"o-nas","status":"publish","type":"page","link":"https:\/\/sympatycyadminakademii.pl\/index.php\/o-nas\/","title":{"rendered":"O nas"},"content":{"rendered":"\n<p>Nie jeste\u015bmy firm\u0105 ani oficjaln\u0105 redakcj\u0105. Jeste\u015bmy administratorami, in\u017cynierami sieci, programistami i pasjonatami technologii \u2013 prawdopodobnie takimi samymi lud\u017ami, jak Ty. Jeste\u015bmy te\u017c wiernymi widzami kana\u0142u AdminAkademia.<\/p>\n\n\n\n<p>W morzu sponsorowanych tre\u015bci i powierzchownych poradnik\u00f3w, materia\u0142y przygotowywane przez Jarka (tw\u00f3rc\u0119 kana\u0142u) s\u0105 dla nas <strong>synonimem autentyczno\u015bci i czystej, praktycznej wiedzy<\/strong>.<\/p>\n\n\n\n<p>Ta strona to nasza oddolna inicjatywa. Stworzyli\u015bmy j\u0105, poniewa\u017c wierzymy, \u017ce te tre\u015bci zas\u0142uguj\u0105 na jak najwi\u0119kszy rozg\u0142os. Chcemy je promowa\u0107, u\u0142atwi\u0107 ich wyszukiwanie i zebra\u0107 w jednym miejscu w formie przyst\u0119pnych streszcze\u0144.<\/p>\n\n\n\n<p>Traktuj to miejsce jako uzupe\u0142nienie kana\u0142u i ho\u0142d dla pracy w\u0142o\u017conej w ka\u017cdy odcinek.<\/p>\n\n\n\n<p><\/p>\n","protected":false},"excerpt":{"rendered":"<p>Nie jeste\u015bmy firm\u0105 ani oficjaln\u0105 redakcj\u0105. Jeste\u015bmy administratorami, in\u017cynierami sieci, programistami i pasjonatami technologii \u2013 prawdopodobnie takimi samymi lud\u017ami, jak Ty. Jeste\u015bmy te\u017c wiernymi widzami kana\u0142u AdminAkademia. W morzu sponsorowanych tre\u015bci i powierzchownych poradnik\u00f3w, materia\u0142y przygotowywane przez Jarka (tw\u00f3rc\u0119 kana\u0142u) s\u0105 dla nas synonimem autentyczno\u015bci i czystej, praktycznej wiedzy. Ta strona to nasza oddolna inicjatywa. [&hellip;]<\/p>\n","protected":false},"author":2,"featured_media":9,"parent":0,"menu_order":0,"comment_status":"closed","ping_status":"closed","template":"","meta":{"footnotes":""},"class_list":["post-8","page","type-page","status-publish","has-post-thumbnail","hentry"],"jetpack_sharing_enabled":true,"_links":{"self":[{"href":"https:\/\/sympatycyadminakademii.pl\/index.php\/wp-json\/wp\/v2\/pages\/8","targetHints":{"allow":["GET"]}}],"collection":[{"href":"https:\/\/sympatycyadminakademii.pl\/index.php\/wp-json\/wp\/v2\/pages"}],"about":[{"href":"https:\/\/sympatycyadminakademii.pl\/index.php\/wp-json\/wp\/v2\/types\/page"}],"author":[{"embeddable":true,"href":"https:\/\/sympatycyadminakademii.pl\/index.php\/wp-json\/wp\/v2\/users\/2"}],"replies":[{"embeddable":true,"href":"https:\/\/sympatycyadminakademii.pl\/index.php\/wp-json\/wp\/v2\/comments?post=8"}],"version-history":[{"count":2,"href":"https:\/\/sympatycyadminakademii.pl\/index.php\/wp-json\/wp\/v2\/pages\/8\/revisions"}],"predecessor-version":[{"id":15,"href":"https:\/\/sympatycyadminakademii.pl\/index.php\/wp-json\/wp\/v2\/pages\/8\/revisions\/15"}],"wp:featuredmedia":[{"embeddable":true,"href":"https:\/\/sympatycyadminakademii.pl\/index.php\/wp-json\/wp\/v2\/media\/9"}],"wp:attachment":[{"href":"https:\/\/sympatycyadminakademii.pl\/index.php\/wp-json\/wp\/v2\/media?parent=8"}],"curies":[{"name":"wp","href":"https:\/\/api.w.org\/{rel}","templated":true}]}}